{"id":53,"date":"2022-05-31T18:25:14","date_gmt":"2022-05-31T16:25:14","guid":{"rendered":"http:\/\/steffiseitz-produkt.de\/sign\/?page_id=53"},"modified":"2023-02-07T12:03:33","modified_gmt":"2023-02-07T11:03:33","slug":"projekte","status":"publish","type":"page","link":"https:\/\/steffiseitz-produkt.de\/sign\/projekte\/","title":{"rendered":"PROJEKTE"},"content":{"rendered":"\n<div style=\"height:30px\" aria-hidden=\"true\" class=\"wp-block-spacer\"><\/div>\n\n\n\n<div class=\"wp-block-group alignwide is-layout-flow wp-block-group-is-layout-flow\">\n<figure class=\"wp-block-image size-full\" id=\"Produktdesign\"><img loading=\"lazy\" decoding=\"async\" width=\"1000\" height=\"200\" src=\"https:\/\/steffiseitz-produkt.de\/wp-content\/uploads\/2022\/10\/produkt-design-1.png\" alt=\"\" class=\"wp-image-233\" srcset=\"https:\/\/steffiseitz-produkt.de\/wp-content\/uploads\/2022\/10\/produkt-design-1.png 1000w, https:\/\/steffiseitz-produkt.de\/wp-content\/uploads\/2022\/10\/produkt-design-1-300x60.png 300w, https:\/\/steffiseitz-produkt.de\/wp-content\/uploads\/2022\/10\/produkt-design-1-768x154.png 768w\" sizes=\"auto, (max-width: 1000px) 100vw, 1000px\" \/><\/figure>\n<\/div>\n\n\n\n<div class=\"wp-block-group alignwide is-layout-flow wp-block-group-is-layout-flow\">\n<div style=\"height:40px\" aria-hidden=\"true\" class=\"wp-block-spacer\"><\/div>\n\n\n\n<p><strong>Ich besch\u00e4ftige mich mit Leidenschaft mit Projekten und Produkten rund um Produktdesign, Innenarchitektur, M\u00f6beldesign, Produktvisualisierung und Fertigungsbegleitung. So sind in den letzten Jahre spannende Projekte mit tollen Partner*innen entstanden.<\/strong><\/p>\n\n\n\n<div style=\"height:20px\" aria-hidden=\"true\" class=\"wp-block-spacer\"><\/div>\n<\/div>\n\n\n\n<hr class=\"wp-block-separator alignwide has-alpha-channel-opacity is-style-wide\"\/>\n\n\n\n<div class=\"wp-block-group alignwide is-layout-flow wp-block-group-is-layout-flow\">\n<h2 class=\"has-large-font-size wp-block-heading\">HOX &#8211; Dein B\u00fcro in einer Box.<\/h2>\n\n\n\n<div class=\"wp-block-columns is-layout-flex wp-container-core-columns-is-layout-28f84493 wp-block-columns-is-layout-flex\">\n<div class=\"wp-block-column is-layout-flow wp-block-column-is-layout-flow\">\n<figure class=\"wp-block-gallery aligncenter has-nested-images columns-2 is-cropped wp-block-gallery-1 is-layout-flex wp-block-gallery-is-layout-flex\">\n<figure class=\"wp-block-image size-full\"><img loading=\"lazy\" decoding=\"async\" width=\"1000\" height=\"1000\" data-id=\"271\" src=\"https:\/\/steffiseitz-produkt.de\/wp-content\/uploads\/2022\/10\/221018_Bildmaterial_0003s_0004_HOX-Skizzen.jpg\" alt=\"\" class=\"wp-image-271\" srcset=\"https:\/\/steffiseitz-produkt.de\/wp-content\/uploads\/2022\/10\/221018_Bildmaterial_0003s_0004_HOX-Skizzen.jpg 1000w, https:\/\/steffiseitz-produkt.de\/wp-content\/uploads\/2022\/10\/221018_Bildmaterial_0003s_0004_HOX-Skizzen-300x300.jpg 300w, https:\/\/steffiseitz-produkt.de\/wp-content\/uploads\/2022\/10\/221018_Bildmaterial_0003s_0004_HOX-Skizzen-150x150.jpg 150w, https:\/\/steffiseitz-produkt.de\/wp-content\/uploads\/2022\/10\/221018_Bildmaterial_0003s_0004_HOX-Skizzen-768x768.jpg 768w\" sizes=\"auto, (max-width: 1000px) 100vw, 1000px\" \/><\/figure>\n\n\n\n<figure class=\"wp-block-image size-full\"><img loading=\"lazy\" decoding=\"async\" width=\"1000\" height=\"1000\" data-id=\"253\" src=\"https:\/\/steffiseitz-produkt.de\/wp-content\/uploads\/2022\/10\/221018_Bildmaterial_0003s_0002_HOX-Foto_inlay_TITEL.jpg\" alt=\"\" class=\"wp-image-253\" srcset=\"https:\/\/steffiseitz-produkt.de\/wp-content\/uploads\/2022\/10\/221018_Bildmaterial_0003s_0002_HOX-Foto_inlay_TITEL.jpg 1000w, https:\/\/steffiseitz-produkt.de\/wp-content\/uploads\/2022\/10\/221018_Bildmaterial_0003s_0002_HOX-Foto_inlay_TITEL-300x300.jpg 300w, https:\/\/steffiseitz-produkt.de\/wp-content\/uploads\/2022\/10\/221018_Bildmaterial_0003s_0002_HOX-Foto_inlay_TITEL-150x150.jpg 150w, https:\/\/steffiseitz-produkt.de\/wp-content\/uploads\/2022\/10\/221018_Bildmaterial_0003s_0002_HOX-Foto_inlay_TITEL-768x768.jpg 768w\" sizes=\"auto, (max-width: 1000px) 100vw, 1000px\" \/><\/figure>\n\n\n\n<figure class=\"wp-block-image size-full\"><img loading=\"lazy\" decoding=\"async\" width=\"1000\" height=\"1000\" data-id=\"273\" src=\"https:\/\/steffiseitz-produkt.de\/wp-content\/uploads\/2022\/10\/221018_Bildmaterial_0003s_0001_HOX-Foto_Schublade.jpg\" alt=\"\" class=\"wp-image-273\" srcset=\"https:\/\/steffiseitz-produkt.de\/wp-content\/uploads\/2022\/10\/221018_Bildmaterial_0003s_0001_HOX-Foto_Schublade.jpg 1000w, https:\/\/steffiseitz-produkt.de\/wp-content\/uploads\/2022\/10\/221018_Bildmaterial_0003s_0001_HOX-Foto_Schublade-300x300.jpg 300w, https:\/\/steffiseitz-produkt.de\/wp-content\/uploads\/2022\/10\/221018_Bildmaterial_0003s_0001_HOX-Foto_Schublade-150x150.jpg 150w, https:\/\/steffiseitz-produkt.de\/wp-content\/uploads\/2022\/10\/221018_Bildmaterial_0003s_0001_HOX-Foto_Schublade-768x768.jpg 768w\" sizes=\"auto, (max-width: 1000px) 100vw, 1000px\" \/><\/figure>\n\n\n\n<figure class=\"wp-block-image size-full\"><img loading=\"lazy\" decoding=\"async\" width=\"1000\" height=\"1000\" data-id=\"274\" src=\"https:\/\/steffiseitz-produkt.de\/wp-content\/uploads\/2022\/10\/221018_Bildmaterial_0003s_0003_HOX-Daten.jpg\" alt=\"\" class=\"wp-image-274\" srcset=\"https:\/\/steffiseitz-produkt.de\/wp-content\/uploads\/2022\/10\/221018_Bildmaterial_0003s_0003_HOX-Daten.jpg 1000w, https:\/\/steffiseitz-produkt.de\/wp-content\/uploads\/2022\/10\/221018_Bildmaterial_0003s_0003_HOX-Daten-300x300.jpg 300w, https:\/\/steffiseitz-produkt.de\/wp-content\/uploads\/2022\/10\/221018_Bildmaterial_0003s_0003_HOX-Daten-150x150.jpg 150w, https:\/\/steffiseitz-produkt.de\/wp-content\/uploads\/2022\/10\/221018_Bildmaterial_0003s_0003_HOX-Daten-768x768.jpg 768w\" sizes=\"auto, (max-width: 1000px) 100vw, 1000px\" \/><\/figure>\n<\/figure>\n<\/div>\n\n\n\n<div class=\"wp-block-column is-layout-flow wp-block-column-is-layout-flow\">\n<figure class=\"wp-block-image aligncenter size-full\"><img loading=\"lazy\" decoding=\"async\" width=\"1000\" height=\"1000\" src=\"https:\/\/steffiseitz-produkt.de\/wp-content\/uploads\/2022\/10\/221018_Bildmaterial_0003s_0005_HOX-foto.jpg\" alt=\"\" class=\"wp-image-275\" srcset=\"https:\/\/steffiseitz-produkt.de\/wp-content\/uploads\/2022\/10\/221018_Bildmaterial_0003s_0005_HOX-foto.jpg 1000w, https:\/\/steffiseitz-produkt.de\/wp-content\/uploads\/2022\/10\/221018_Bildmaterial_0003s_0005_HOX-foto-300x300.jpg 300w, https:\/\/steffiseitz-produkt.de\/wp-content\/uploads\/2022\/10\/221018_Bildmaterial_0003s_0005_HOX-foto-150x150.jpg 150w, https:\/\/steffiseitz-produkt.de\/wp-content\/uploads\/2022\/10\/221018_Bildmaterial_0003s_0005_HOX-foto-768x768.jpg 768w\" sizes=\"auto, (max-width: 1000px) 100vw, 1000px\" \/><\/figure>\n<\/div>\n<\/div>\n\n\n\n<p>Die <a rel=\"noreferrer noopener\" href=\"https:\/\/thehoxbox.com\/\" data-type=\"URL\" data-id=\"https:\/\/thehoxbox.com\/\" target=\"_blank\"><strong>HOX<\/strong><\/a> bietet Ordnung im Homeoffice \u2013 nach Feierabend k\u00f6nnen Laptop und alles Weitere in 2 Schubladen verstaut werden. Um in Bewegung zu bleiben, kann an dem auszieh- und h\u00f6henverstellbaren Aufsatz auch im Stehen gearbeitet werden.<\/p>\n\n\n\n<p><br>Gemeinsam mit den beiden Gru\u0308nderinnen habe ich den Entwurf der HOX verfeinert und auf Produktion und Kosten optimiert. So entstand z.B. der Logo-Auschnitt im Auszug um Gewicht zu sparen, oder Entwu\u0308rfe fu\u0308r Fachtrennungen der Schubladen.<\/p>\n\n\n\n<div style=\"height:20px\" aria-hidden=\"true\" class=\"wp-block-spacer\"><\/div>\n<\/div>\n\n\n\n<hr class=\"wp-block-separator alignwide has-alpha-channel-opacity is-style-wide\"\/>\n\n\n\n<div class=\"wp-block-group alignwide is-layout-flow wp-block-group-is-layout-flow\">\n<h2 class=\"has-large-font-size wp-block-heading\">PAULI &amp; CO<\/h2>\n\n\n\n<div class=\"wp-block-columns is-layout-flex wp-container-core-columns-is-layout-28f84493 wp-block-columns-is-layout-flex\">\n<div class=\"wp-block-column is-layout-flow wp-block-column-is-layout-flow\">\n<figure class=\"wp-block-image aligncenter size-full\"><img loading=\"lazy\" decoding=\"async\" width=\"1000\" height=\"1000\" src=\"https:\/\/steffiseitz-produkt.de\/wp-content\/uploads\/2022\/10\/221018_Bildmaterial_0002s_0004_PaCo-TITEL.jpg\" alt=\"\" class=\"wp-image-276\" srcset=\"https:\/\/steffiseitz-produkt.de\/wp-content\/uploads\/2022\/10\/221018_Bildmaterial_0002s_0004_PaCo-TITEL.jpg 1000w, https:\/\/steffiseitz-produkt.de\/wp-content\/uploads\/2022\/10\/221018_Bildmaterial_0002s_0004_PaCo-TITEL-300x300.jpg 300w, https:\/\/steffiseitz-produkt.de\/wp-content\/uploads\/2022\/10\/221018_Bildmaterial_0002s_0004_PaCo-TITEL-150x150.jpg 150w, https:\/\/steffiseitz-produkt.de\/wp-content\/uploads\/2022\/10\/221018_Bildmaterial_0002s_0004_PaCo-TITEL-768x768.jpg 768w\" sizes=\"auto, (max-width: 1000px) 100vw, 1000px\" \/><\/figure>\n<\/div>\n\n\n\n<div class=\"wp-block-column is-layout-flow wp-block-column-is-layout-flow\">\n<figure class=\"wp-block-gallery aligncenter has-nested-images columns-2 is-cropped wp-block-gallery-2 is-layout-flex wp-block-gallery-is-layout-flex\">\n<figure class=\"wp-block-image size-full\"><img loading=\"lazy\" decoding=\"async\" width=\"1000\" height=\"1000\" data-id=\"252\" src=\"https:\/\/steffiseitz-produkt.de\/wp-content\/uploads\/2022\/10\/221018_Bildmaterial_0002s_0008_PaCo-Tripod.jpg\" alt=\"\" class=\"wp-image-252\" srcset=\"https:\/\/steffiseitz-produkt.de\/wp-content\/uploads\/2022\/10\/221018_Bildmaterial_0002s_0008_PaCo-Tripod.jpg 1000w, https:\/\/steffiseitz-produkt.de\/wp-content\/uploads\/2022\/10\/221018_Bildmaterial_0002s_0008_PaCo-Tripod-300x300.jpg 300w, https:\/\/steffiseitz-produkt.de\/wp-content\/uploads\/2022\/10\/221018_Bildmaterial_0002s_0008_PaCo-Tripod-150x150.jpg 150w, https:\/\/steffiseitz-produkt.de\/wp-content\/uploads\/2022\/10\/221018_Bildmaterial_0002s_0008_PaCo-Tripod-768x768.jpg 768w\" sizes=\"auto, (max-width: 1000px) 100vw, 1000px\" \/><\/figure>\n\n\n\n<figure class=\"wp-block-image size-full\"><img loading=\"lazy\" decoding=\"async\" width=\"1000\" height=\"1000\" data-id=\"277\" src=\"https:\/\/steffiseitz-produkt.de\/wp-content\/uploads\/2022\/10\/221018_Bildmaterial_0002s_0007_PaCo-Motor.jpg\" alt=\"\" class=\"wp-image-277\" srcset=\"https:\/\/steffiseitz-produkt.de\/wp-content\/uploads\/2022\/10\/221018_Bildmaterial_0002s_0007_PaCo-Motor.jpg 1000w, https:\/\/steffiseitz-produkt.de\/wp-content\/uploads\/2022\/10\/221018_Bildmaterial_0002s_0007_PaCo-Motor-300x300.jpg 300w, https:\/\/steffiseitz-produkt.de\/wp-content\/uploads\/2022\/10\/221018_Bildmaterial_0002s_0007_PaCo-Motor-150x150.jpg 150w, https:\/\/steffiseitz-produkt.de\/wp-content\/uploads\/2022\/10\/221018_Bildmaterial_0002s_0007_PaCo-Motor-768x768.jpg 768w\" sizes=\"auto, (max-width: 1000px) 100vw, 1000px\" \/><\/figure>\n\n\n\n<figure class=\"wp-block-image size-full\"><img loading=\"lazy\" decoding=\"async\" width=\"1000\" height=\"1000\" data-id=\"278\" src=\"https:\/\/steffiseitz-produkt.de\/wp-content\/uploads\/2022\/10\/221018_Bildmaterial_0002s_0006_PaCo-Abstandsbrett.jpg\" alt=\"\" class=\"wp-image-278\" srcset=\"https:\/\/steffiseitz-produkt.de\/wp-content\/uploads\/2022\/10\/221018_Bildmaterial_0002s_0006_PaCo-Abstandsbrett.jpg 1000w, https:\/\/steffiseitz-produkt.de\/wp-content\/uploads\/2022\/10\/221018_Bildmaterial_0002s_0006_PaCo-Abstandsbrett-300x300.jpg 300w, https:\/\/steffiseitz-produkt.de\/wp-content\/uploads\/2022\/10\/221018_Bildmaterial_0002s_0006_PaCo-Abstandsbrett-150x150.jpg 150w, https:\/\/steffiseitz-produkt.de\/wp-content\/uploads\/2022\/10\/221018_Bildmaterial_0002s_0006_PaCo-Abstandsbrett-768x768.jpg 768w\" sizes=\"auto, (max-width: 1000px) 100vw, 1000px\" \/><\/figure>\n\n\n\n<figure class=\"wp-block-image size-full\"><img loading=\"lazy\" decoding=\"async\" width=\"1000\" height=\"1000\" data-id=\"279\" src=\"https:\/\/steffiseitz-produkt.de\/wp-content\/uploads\/2022\/10\/221018_Bildmaterial_0002s_0005_PaCo-Bogen_render.jpg\" alt=\"\" class=\"wp-image-279\" srcset=\"https:\/\/steffiseitz-produkt.de\/wp-content\/uploads\/2022\/10\/221018_Bildmaterial_0002s_0005_PaCo-Bogen_render.jpg 1000w, https:\/\/steffiseitz-produkt.de\/wp-content\/uploads\/2022\/10\/221018_Bildmaterial_0002s_0005_PaCo-Bogen_render-300x300.jpg 300w, https:\/\/steffiseitz-produkt.de\/wp-content\/uploads\/2022\/10\/221018_Bildmaterial_0002s_0005_PaCo-Bogen_render-150x150.jpg 150w, https:\/\/steffiseitz-produkt.de\/wp-content\/uploads\/2022\/10\/221018_Bildmaterial_0002s_0005_PaCo-Bogen_render-768x768.jpg 768w\" sizes=\"auto, (max-width: 1000px) 100vw, 1000px\" \/><\/figure>\n<\/figure>\n<\/div>\n<\/div>\n\n\n\n<p><a rel=\"noreferrer noopener\" href=\"https:\/\/www.pauliundco.com\/\" data-type=\"URL\" data-id=\"https:\/\/www.pauliundco.com\/\" target=\"_blank\"><strong>PAULI &amp; CO<\/strong><\/a> verkauft nachhaltig und regional produzierte Federwiegen aus zertifizierten Materialien fu\u0308r S\u00e4uglinge und ihre stolzen Eltern. Im Zuge unserer Zusammenarbeit sind Zubeh\u00f6rteile fu\u0308r die Wiegen enstanden, die mit lokalen Partner*innen produziert werden.<\/p>\n\n\n\n<p><br>Die Wandhalterungen und der Tripod sind aus wenigen Teilen leicht zu montieren und bieten unterschiedliche M\u00f6glichkeiten, den Nachwuchs immer in der N\u00e4he zu haben. Mit Hilfe des smarten Distanzbrettes l\u00e4sst sich eine Babyphone-App u\u0308ber das Smartphone nutzen. Und Dank eines kompakten Motors im 3D-Druck bleibt die Wiege st\u00e4ndig in Bewegung und beruhigt die Kleinen sanft.<\/p>\n\n\n\n<div style=\"height:20px\" aria-hidden=\"true\" class=\"wp-block-spacer\"><\/div>\n\n\n\n<hr class=\"wp-block-separator alignwide has-alpha-channel-opacity is-style-wide\"\/>\n<\/div>\n\n\n\n<div style=\"height:80px\" aria-hidden=\"true\" class=\"wp-block-spacer\"><\/div>\n\n\n\n<div class=\"wp-block-group alignwide is-layout-flow wp-block-group-is-layout-flow\">\n<figure class=\"wp-block-image size-full\" id=\"raumdesign\"><img loading=\"lazy\" decoding=\"async\" width=\"1000\" height=\"200\" src=\"https:\/\/steffiseitz-produkt.de\/wp-content\/uploads\/2022\/10\/raum-design.png\" alt=\"\" class=\"wp-image-232\" srcset=\"https:\/\/steffiseitz-produkt.de\/wp-content\/uploads\/2022\/10\/raum-design.png 1000w, https:\/\/steffiseitz-produkt.de\/wp-content\/uploads\/2022\/10\/raum-design-300x60.png 300w, https:\/\/steffiseitz-produkt.de\/wp-content\/uploads\/2022\/10\/raum-design-768x154.png 768w\" sizes=\"auto, (max-width: 1000px) 100vw, 1000px\" \/><\/figure>\n<\/div>\n\n\n\n<div style=\"height:40px\" aria-hidden=\"true\" class=\"wp-block-spacer\"><\/div>\n\n\n\n<div class=\"wp-block-group alignwide is-layout-flow wp-block-group-is-layout-flow\">\n<p>In meiner Zeit bei <strong>design for human nature<\/strong> habe ich mich auf unterschiedlichste Weisen mit Marken im Raum besch\u00e4ftigt und vielf\u00e4ltige Projekte vom Konzept bis zur Umsetzung begleitet.<\/p>\n\n\n\n<div style=\"height:20px\" aria-hidden=\"true\" class=\"wp-block-spacer\"><\/div>\n\n\n\n<div class=\"wp-block-columns has-tertiary-background-color has-background is-layout-flex wp-container-core-columns-is-layout-28f84493 wp-block-columns-is-layout-flex\">\n<div class=\"wp-block-column is-layout-flow wp-block-column-is-layout-flow\" style=\"flex-basis:33.33%\">\n<figure class=\"wp-block-image size-full\"><img loading=\"lazy\" decoding=\"async\" width=\"1000\" height=\"1000\" src=\"https:\/\/steffiseitz-produkt.de\/wp-content\/uploads\/2022\/10\/221018_Bildmaterial_0004s_0002_dfhn_FRANK.jpg\" alt=\"\" class=\"wp-image-268\" srcset=\"https:\/\/steffiseitz-produkt.de\/wp-content\/uploads\/2022\/10\/221018_Bildmaterial_0004s_0002_dfhn_FRANK.jpg 1000w, https:\/\/steffiseitz-produkt.de\/wp-content\/uploads\/2022\/10\/221018_Bildmaterial_0004s_0002_dfhn_FRANK-300x300.jpg 300w, https:\/\/steffiseitz-produkt.de\/wp-content\/uploads\/2022\/10\/221018_Bildmaterial_0004s_0002_dfhn_FRANK-150x150.jpg 150w, https:\/\/steffiseitz-produkt.de\/wp-content\/uploads\/2022\/10\/221018_Bildmaterial_0004s_0002_dfhn_FRANK-768x768.jpg 768w\" sizes=\"auto, (max-width: 1000px) 100vw, 1000px\" \/><\/figure>\n<\/div>\n\n\n\n<div class=\"wp-block-column is-vertically-aligned-bottom is-layout-flow wp-block-column-is-layout-flow\" style=\"flex-basis:66.66%\">\n<p class=\"has-small-font-size\">Das Immobilienunternehmen FRANK entwickelt seit 1925 innovative Quartiere in Hamburg, Kiel und Frankfurt. Um die Qualit\u00e4ten der Quartiere f\u00fcr die Mitarbeitenden in ihrem Arbeitsalltag erlebbar zu machen, wurde eine flexible B\u00fcroeinrichtung entwickelt, die sich den wandelnden Bedu\u0308rfnissen der Mitarbeitenden und des Unternehmens anpasst.<\/p>\n\n\n\n<p class=\"has-small-font-size\">Von der Konzeption der M\u00f6bel, \u00fcber die Raumplanung bis zur Betreuung der Umsetzung in den Labor-Standorten durfte ich dieses spannende Projekt begleiten.<\/p>\n\n\n\n<p class=\"has-small-font-size\"><a rel=\"noreferrer noopener\" href=\"https:\/\/frank.de\/lab\/franksches-quartier\" data-type=\"URL\" data-id=\"https:\/\/frank.de\/lab\/franksches-quartier\" target=\"_blank\"><strong>mehr dazu bei FRANK..<\/strong>.<\/a><\/p>\n<\/div>\n<\/div>\n\n\n\n<div style=\"height:40px\" aria-hidden=\"true\" class=\"wp-block-spacer\"><\/div>\n\n\n\n<div class=\"wp-block-columns is-layout-flex wp-container-core-columns-is-layout-28f84493 wp-block-columns-is-layout-flex\">\n<div class=\"wp-block-column is-vertically-aligned-bottom is-layout-flow wp-block-column-is-layout-flow\" style=\"flex-basis:66.66%\">\n<p class=\"has-small-font-size\">L\u00fcbeck Travem\u00fcnde Marketing schafft spontane Begegnungen mit der lokalen Kulturszene und besonderen Pl\u00e4tzen. Mit dem Mobiliar von Pop.Up sind schnell unterschiedlich gro\u00dfe Veranstaltungen auf- und abgebaut \u2013 vom kleinen Konzert im Park mit ein paar k\u00fchlen Drinks vom rollbaren K\u00fchlwagen, bis zur B\u00fchne auf dem Marktplatz mit B\u00e4nken und Tischen f\u00fcrs Publikum.<\/p>\n\n\n\n<p class=\"has-text-align-right has-small-font-size\"><a rel=\"noreferrer noopener\" href=\"https:\/\/www.luebeck-tourismus.de\/kultur\/popup-luebeck\" data-type=\"URL\" data-id=\"https:\/\/www.luebeck-tourismus.de\/kultur\/popup-luebeck\" target=\"_blank\"><strong>mehr dazu bei L\u00fcbeck Tourismus&#8230;<\/strong><\/a><\/p>\n<\/div>\n\n\n\n<div class=\"wp-block-column is-layout-flow wp-block-column-is-layout-flow\" style=\"flex-basis:33.33%\">\n<figure class=\"wp-block-image size-full\"><img loading=\"lazy\" decoding=\"async\" width=\"1000\" height=\"1000\" src=\"https:\/\/steffiseitz-produkt.de\/wp-content\/uploads\/2022\/10\/221018_Bildmaterial_0004s_0003_dfhn_LTM.jpg\" alt=\"\" class=\"wp-image-266\" srcset=\"https:\/\/steffiseitz-produkt.de\/wp-content\/uploads\/2022\/10\/221018_Bildmaterial_0004s_0003_dfhn_LTM.jpg 1000w, https:\/\/steffiseitz-produkt.de\/wp-content\/uploads\/2022\/10\/221018_Bildmaterial_0004s_0003_dfhn_LTM-300x300.jpg 300w, https:\/\/steffiseitz-produkt.de\/wp-content\/uploads\/2022\/10\/221018_Bildmaterial_0004s_0003_dfhn_LTM-150x150.jpg 150w, https:\/\/steffiseitz-produkt.de\/wp-content\/uploads\/2022\/10\/221018_Bildmaterial_0004s_0003_dfhn_LTM-768x768.jpg 768w\" sizes=\"auto, (max-width: 1000px) 100vw, 1000px\" \/><\/figure>\n<\/div>\n<\/div>\n\n\n\n<div style=\"height:40px\" aria-hidden=\"true\" class=\"wp-block-spacer\"><\/div>\n\n\n\n<div class=\"wp-block-columns has-tertiary-background-color has-background is-layout-flex wp-container-core-columns-is-layout-28f84493 wp-block-columns-is-layout-flex\">\n<div class=\"wp-block-column is-layout-flow wp-block-column-is-layout-flow\" style=\"flex-basis:33.33%\">\n<figure class=\"wp-block-image size-full\"><img loading=\"lazy\" decoding=\"async\" width=\"1000\" height=\"1000\" src=\"https:\/\/steffiseitz-produkt.de\/wp-content\/uploads\/2022\/10\/221018_Bildmaterial_0004s_0000_dfhn_HORST.jpg\" alt=\"\" class=\"wp-image-267\" srcset=\"https:\/\/steffiseitz-produkt.de\/wp-content\/uploads\/2022\/10\/221018_Bildmaterial_0004s_0000_dfhn_HORST.jpg 1000w, https:\/\/steffiseitz-produkt.de\/wp-content\/uploads\/2022\/10\/221018_Bildmaterial_0004s_0000_dfhn_HORST-300x300.jpg 300w, https:\/\/steffiseitz-produkt.de\/wp-content\/uploads\/2022\/10\/221018_Bildmaterial_0004s_0000_dfhn_HORST-150x150.jpg 150w, https:\/\/steffiseitz-produkt.de\/wp-content\/uploads\/2022\/10\/221018_Bildmaterial_0004s_0000_dfhn_HORST-768x768.jpg 768w\" sizes=\"auto, (max-width: 1000px) 100vw, 1000px\" \/><\/figure>\n<\/div>\n\n\n\n<div class=\"wp-block-column is-vertically-aligned-bottom is-layout-flow wp-block-column-is-layout-flow\" style=\"flex-basis:66.66%\">\n<p class=\"has-small-font-size\">Bei HORST in Hamburg Bahrenfeld gibt es Alles f\u00fcr die Heimwerker*innen, aber eben Mitten in der Stadt und auf kompakter Fl\u00e4che.<\/p>\n\n\n\n<p class=\"has-small-font-size\">Nachbar HORST hilft mit Tipps und Workshops, bietet Raum f\u00fcr eigene Ideen beim Lasern oder gro\u00dfformatigem Druck auf unterschiedlichsten Materialien, oder leiht fehlendes Werkzeug.<\/p>\n\n\n\n<p class=\"has-small-font-size\">Ich bin Stolz vom Konzept bis zur Umsetzung zum Store of the Year 2019 beigetragen zu haben.<\/p>\n\n\n\n<p class=\"has-small-font-size\"><a rel=\"noreferrer noopener\" href=\"https:\/\/www.horst.com\/pages\/standort-bahrenfeld\" data-type=\"URL\" data-id=\"https:\/\/www.horst.com\/pages\/standort-bahrenfeld\" target=\"_blank\"><strong>mehr dazu bei HORST&#8230;<\/strong><\/a><\/p>\n<\/div>\n<\/div>\n\n\n\n<div style=\"height:40px\" aria-hidden=\"true\" class=\"wp-block-spacer\"><\/div>\n\n\n\n<div class=\"wp-block-columns is-layout-flex wp-container-core-columns-is-layout-28f84493 wp-block-columns-is-layout-flex\">\n<div class=\"wp-block-column is-vertically-aligned-bottom is-layout-flow wp-block-column-is-layout-flow\" style=\"flex-basis:66.66%\">\n<p class=\"has-small-font-size\">Die Neukonzeption der JET Tankstellen schafft eine intuitive Orientierung von der Einfahrt bis zum Einkauf. <\/p>\n\n\n\n<p class=\"has-small-font-size\">Der Fokus meiner Arbeit lag auf der Entwicklung der Preisanzeige mit innovativen E-Paper-Displays, den Tankinseln aus gelbem Beton, den M\u00fclleimern und Fahrradst\u00e4ndern im Rotationsguss sowie der Planung der Sortimentsmodule und Kassenzone im Shop.<\/p>\n\n\n\n<p class=\"has-text-align-right has-small-font-size\"><a rel=\"noreferrer noopener\" href=\"https:\/\/designforhumannature.de\/jet\/\" data-type=\"URL\" data-id=\"https:\/\/designforhumannature.de\/jet\/\" target=\"_blank\"><strong>mehr dazu bei dfhn&#8230;<\/strong><\/a><\/p>\n<\/div>\n\n\n\n<div class=\"wp-block-column is-layout-flow wp-block-column-is-layout-flow\" style=\"flex-basis:33.33%\">\n<figure class=\"wp-block-image size-full\"><img loading=\"lazy\" decoding=\"async\" width=\"1000\" height=\"1000\" src=\"https:\/\/steffiseitz-produkt.de\/wp-content\/uploads\/2022\/10\/221018_Bildmaterial_0004s_0001_dfhn_JET.jpg\" alt=\"\" class=\"wp-image-280\" srcset=\"https:\/\/steffiseitz-produkt.de\/wp-content\/uploads\/2022\/10\/221018_Bildmaterial_0004s_0001_dfhn_JET.jpg 1000w, https:\/\/steffiseitz-produkt.de\/wp-content\/uploads\/2022\/10\/221018_Bildmaterial_0004s_0001_dfhn_JET-300x300.jpg 300w, https:\/\/steffiseitz-produkt.de\/wp-content\/uploads\/2022\/10\/221018_Bildmaterial_0004s_0001_dfhn_JET-150x150.jpg 150w, https:\/\/steffiseitz-produkt.de\/wp-content\/uploads\/2022\/10\/221018_Bildmaterial_0004s_0001_dfhn_JET-768x768.jpg 768w\" sizes=\"auto, (max-width: 1000px) 100vw, 1000px\" \/><\/figure>\n<\/div>\n<\/div>\n\n\n\n<div style=\"height:40px\" aria-hidden=\"true\" class=\"wp-block-spacer\"><\/div>\n\n\n\n<div class=\"wp-block-columns has-tertiary-background-color has-background is-layout-flex wp-container-core-columns-is-layout-28f84493 wp-block-columns-is-layout-flex\">\n<div class=\"wp-block-column is-layout-flow wp-block-column-is-layout-flow\" style=\"flex-basis:33.33%\">\n<figure class=\"wp-block-image size-full\"><img loading=\"lazy\" decoding=\"async\" width=\"1000\" height=\"1000\" src=\"https:\/\/steffiseitz-produkt.de\/wp-content\/uploads\/2022\/10\/221018_Bildmaterial_0004s_0004_dfhn_container-dock.jpg\" alt=\"\" class=\"wp-image-269\" srcset=\"https:\/\/steffiseitz-produkt.de\/wp-content\/uploads\/2022\/10\/221018_Bildmaterial_0004s_0004_dfhn_container-dock.jpg 1000w, https:\/\/steffiseitz-produkt.de\/wp-content\/uploads\/2022\/10\/221018_Bildmaterial_0004s_0004_dfhn_container-dock-300x300.jpg 300w, https:\/\/steffiseitz-produkt.de\/wp-content\/uploads\/2022\/10\/221018_Bildmaterial_0004s_0004_dfhn_container-dock-150x150.jpg 150w, https:\/\/steffiseitz-produkt.de\/wp-content\/uploads\/2022\/10\/221018_Bildmaterial_0004s_0004_dfhn_container-dock-768x768.jpg 768w\" sizes=\"auto, (max-width: 1000px) 100vw, 1000px\" \/><\/figure>\n<\/div>\n\n\n\n<div class=\"wp-block-column is-vertically-aligned-bottom is-layout-flow wp-block-column-is-layout-flow\" style=\"flex-basis:66.66%\">\n<p class=\"has-small-font-size\">Das Container Dock ist eine Architekturstudie von design for human nature, die den Umschlagspunkt Hafen f\u00fcr Alle zug\u00e4nglich und nutzbar macht und Transportwege minimiert.<\/p>\n\n\n\n<p class=\"has-small-font-size\">Zusammen mit dem Team von dfhn habe ich das Konzept weiterentwickelt und anhand von Visualisierungen, einer Animation und einem Architekturmodell erlebbar gemacht.<\/p>\n\n\n\n<p class=\"has-small-font-size\"><a rel=\"noreferrer noopener\" href=\"https:\/\/designforhumannature.de\/container-dock\/\" data-type=\"URL\" data-id=\"https:\/\/designforhumannature.de\/container-dock\/\" target=\"_blank\"><strong>mehr dazu bei dfhn&#8230;<\/strong><\/a><\/p>\n<\/div>\n<\/div>\n\n\n\n<div style=\"height:40px\" aria-hidden=\"true\" class=\"wp-block-spacer\"><\/div>\n\n\n\n<h2 class=\"has-text-align-left wp-block-heading\"><a href=\"https:\/\/steffiseitz-produkt.de\/sign\/?page_id=101\" data-type=\"page\" data-id=\"101\">&#8230;und bald auch mit euch?<\/a><\/h2>\n\n\n\n<div style=\"height:40px\" aria-hidden=\"true\" class=\"wp-block-spacer\"><\/div>\n<\/div>\n","protected":false},"excerpt":{"rendered":"<p>Ich besch\u00e4ftige mich mit Leidenschaft mit Projekten und Produkten rund um Produktdesign, Innenarchitektur, M\u00f6beldesign, Produktvisualisierung und Fertigungsbegleitung. So sind in den letzten Jahre spannende Projekte mit tollen Partner*innen entstanden. HOX &#8211; Dein B\u00fcro in einer Box. Die HOX bietet Ordnung im Homeoffice \u2013 nach Feierabend k\u00f6nnen Laptop und alles Weitere in 2 Schubladen verstaut werden. [&hellip;]<\/p>\n","protected":false},"author":1,"featured_media":0,"parent":0,"menu_order":0,"comment_status":"closed","ping_status":"closed","template":"page-no-separators","meta":{"footnotes":""},"class_list":["post-53","page","type-page","status-publish","hentry"],"_links":{"self":[{"href":"https:\/\/steffiseitz-produkt.de\/sign\/wp-json\/wp\/v2\/pages\/53","targetHints":{"allow":["GET"]}}],"collection":[{"href":"https:\/\/steffiseitz-produkt.de\/sign\/wp-json\/wp\/v2\/pages"}],"about":[{"href":"https:\/\/steffiseitz-produkt.de\/sign\/wp-json\/wp\/v2\/types\/page"}],"author":[{"embeddable":true,"href":"https:\/\/steffiseitz-produkt.de\/sign\/wp-json\/wp\/v2\/users\/1"}],"replies":[{"embeddable":true,"href":"https:\/\/steffiseitz-produkt.de\/sign\/wp-json\/wp\/v2\/comments?post=53"}],"version-history":[{"count":59,"href":"https:\/\/steffiseitz-produkt.de\/sign\/wp-json\/wp\/v2\/pages\/53\/revisions"}],"predecessor-version":[{"id":333,"href":"https:\/\/steffiseitz-produkt.de\/sign\/wp-json\/wp\/v2\/pages\/53\/revisions\/333"}],"wp:attachment":[{"href":"https:\/\/steffiseitz-produkt.de\/sign\/wp-json\/wp\/v2\/media?parent=53"}],"curies":[{"name":"wp","href":"https:\/\/api.w.org\/{rel}","templated":true}]}}