{"id":21,"date":"2022-05-24T14:28:47","date_gmt":"2022-05-24T12:28:47","guid":{"rendered":"http:\/\/steffiseitz-produkt.de\/?page_id=21"},"modified":"2022-10-20T17:44:01","modified_gmt":"2022-10-20T15:44:01","slug":"ueber-mich","status":"publish","type":"page","link":"https:\/\/steffiseitz-produkt.de\/sign\/ueber-mich\/","title":{"rendered":"\u00dcBER MICH"},"content":{"rendered":"\n<div style=\"height:30px\" aria-hidden=\"true\" class=\"wp-block-spacer\"><\/div>\n\n\n\n<div class=\"wp-block-group alignwide is-layout-flow wp-block-group-is-layout-flow\">\n<figure class=\"wp-block-image size-full\"><img loading=\"lazy\" decoding=\"async\" width=\"1000\" height=\"200\" src=\"https:\/\/steffiseitz-produkt.de\/wp-content\/uploads\/2022\/10\/u\u0308bermich.png\" alt=\"\" class=\"wp-image-237\" srcset=\"https:\/\/steffiseitz-produkt.de\/wp-content\/uploads\/2022\/10\/u\u0308bermich.png 1000w, https:\/\/steffiseitz-produkt.de\/wp-content\/uploads\/2022\/10\/u\u0308bermich-300x60.png 300w, https:\/\/steffiseitz-produkt.de\/wp-content\/uploads\/2022\/10\/u\u0308bermich-768x154.png 768w\" sizes=\"auto, (max-width: 1000px) 100vw, 1000px\" \/><\/figure>\n\n\n\n<div style=\"height:40px\" aria-hidden=\"true\" class=\"wp-block-spacer\"><\/div>\n<\/div>\n\n\n\n<div class=\"wp-block-group alignwide is-layout-flow wp-block-group-is-layout-flow\">\n<h2 class=\"wp-block-heading\">Moin,<\/h2>\n\n\n\n<p>ich bin Steffi und ab sofort sehr gern euer neues Teammitglied f\u00fcr alle Fragen rund um Produktidee, Designentwicklung und Umsetzung. Gemeinsam mit dir oder euch entwickle ich Konzepte und Produkte, die nicht nur stilvoll und schlicht, sondern vor allen Dingen auch durchdacht, sinnhaft und nachhaltig sind. So schaffen wir einen echten Beitrag sowohl f\u00fcr euer Unternehmen, als auch f\u00fcr die Menschen, die am Ende mit euch, eurer Marke und Produkten interagieren.<\/p>\n\n\n\n<div style=\"height:20px\" aria-hidden=\"true\" class=\"wp-block-spacer\"><\/div>\n<\/div>\n\n\n\n<div class=\"wp-block-group alignwide is-layout-flow wp-block-group-is-layout-flow\">\n<hr class=\"wp-block-separator aligncenter has-alpha-channel-opacity is-style-wide\"\/>\n\n\n\n<div style=\"height:20px\" aria-hidden=\"true\" class=\"wp-block-spacer\"><\/div>\n<\/div>\n\n\n\n<div class=\"wp-block-group alignwide is-layout-flow wp-block-group-is-layout-flow\">\n<h2 class=\"wp-block-heading\">Wie das funktioniert?<\/h2>\n\n\n\n<p>Ich entwickle gemeinsam mit euch im offenen und dauerhaften Dialog erste Ideen und m\u00f6gliche konzeptionelle Routen. Hierbei haben wir immer euch, eure Marke &amp; Vision und vor allem eure Kund*innen im Blick.<\/p>\n\n\n\n<p>Daraus entwickeln sich Skizzen, haptische Modelle oder 3D-Visualisierungen.<br>Auf dem Weg zum ersten Prototypen denken wir bereits \u00fcber Kosten, Skalierungsf\u00e4higkeit und m\u00f6gliche Partner*innen f\u00fcr die Produktion nach. Und gemeinsam erwecken wir das Konzept zum Leben und gehen in Serie.<\/p>\n\n\n\n<p>So erschaffen wir zum Beispiel schlaue Gegenst\u00e4nde f\u00fcr das allt\u00e4gliche Leben oder erdenken neue Marken- und Raumerlebniswelten.<\/p>\n\n\n\n<p>Wenn ihr m\u00f6gt, begleite ich euch also gerne von Anfang bis Ende oder biete euch meine vielf\u00e4ltigen Erfahrungen und umfassende Kompetenz nur in einzelnen Prozessschritten.<\/p>\n\n\n\n<p><a href=\"https:\/\/steffiseitz-produkt.de\/sign\/projekte\/\" data-type=\"page\" data-id=\"53\">bisherige PROJEKTE<\/a> <\/p>\n\n\n\n<div style=\"height:40px\" aria-hidden=\"true\" class=\"wp-block-spacer\"><\/div>\n<\/div>\n\n\n\n<div class=\"wp-block-group alignwide is-layout-flow wp-block-group-is-layout-flow\">\n<hr class=\"wp-block-separator aligncenter has-alpha-channel-opacity is-style-wide\"\/>\n\n\n\n<div style=\"height:20px\" aria-hidden=\"true\" class=\"wp-block-spacer\"><\/div>\n<\/div>\n\n\n\n<div class=\"wp-block-group alignwide is-layout-flow wp-block-group-is-layout-flow\">\n<h2 class=\"wp-block-heading\">So stellt auch ihr euch eine kreative Zusammenarbeit vor?<\/h2>\n\n\n\n<p>Dann sollten wir uns unterhalten!<\/p>\n\n\n\n<p>Ich freue mich darauf euch kennenzulernen, im Gespr\u00e4ch mit euch eine gemeinsame Richtung unserer Zusammenarbeit zu finden und zusammen Ideen zu entwickeln oder zu verfeinern.<\/p>\n\n\n\n<div style=\"height:40px\" aria-hidden=\"true\" class=\"wp-block-spacer\"><\/div>\n<\/div>\n\n\n\n<div class=\"wp-block-group alignwide is-layout-flow wp-block-group-is-layout-flow\">\n\n\n<div style=\"height:20px\" aria-hidden=\"true\" class=\"wp-block-spacer\"><\/div>\n<\/div>\n\n\n\n<div class=\"wp-block-group alignwide is-layout-flow wp-block-group-is-layout-flow\">\n<p>oder \u00fcber Social Media:<\/p>\n\n\n\n<div class=\"wp-block-group is-layout-flex wp-block-group-is-layout-flex\">\n<ul id=\"\" class=\"cnss-social-icon \" style=\"text-align:center; text-align:-webkit-center; align-self:center; margin: 0 auto;\">\t\t<li class=\"cn-fa-xing cn-fa-icon \" style=\"display:inline-block;\"><a class=\"\" target=\"_blank\" href=\"https:\/\/www.xing.com\/profile\/Steffi_Seitz3\/cv\" title=\"xing\" style=\"width:48px;height:48px;padding:8px 0;margin:2px;color: #ffffff;border-radius: 0%;\"><i title=\"xing\" style=\"font-size:32px;\" class=\"fab fa-xing\"><\/i><\/a><\/li><\/ul>\r\n\t\r\n\t\n\n\n\n<ul id=\"\" class=\"cnss-social-icon \" style=\"text-align:center; text-align:-webkit-center; align-self:center; margin: 0 auto;\">\t\t<li class=\"cn-fa-linkedin cn-fa-icon \" style=\"display:inline-block;\"><a class=\"\" target=\"_blank\" href=\"https:\/\/www.linkedin.com\/in\/steffi-seitz-47414919\/\" title=\"linkedin\" style=\"width:48px;height:48px;padding:8px 0;margin:2px;color: #ffffff;border-radius: 0%;\"><i title=\"linkedin\" style=\"font-size:32px;\" class=\"fab fa-linkedin\"><\/i><\/a><\/li><\/ul>\r\n\t\r\n\t\n<\/div>\n\n\n\n<div style=\"height:40px\" aria-hidden=\"true\" class=\"wp-block-spacer\"><\/div>\n<\/div>\n\n\n\n<p><\/p>\n","protected":false},"excerpt":{"rendered":"<p>Moin, ich bin Steffi und ab sofort sehr gern euer neues Teammitglied f\u00fcr alle Fragen rund um Produktidee, Designentwicklung und Umsetzung. Gemeinsam mit dir oder euch entwickle ich Konzepte und Produkte, die nicht nur stilvoll und schlicht, sondern vor allen Dingen auch durchdacht, sinnhaft und nachhaltig sind. So schaffen wir einen echten Beitrag sowohl f\u00fcr [&hellip;]<\/p>\n","protected":false},"author":1,"featured_media":0,"parent":0,"menu_order":0,"comment_status":"closed","ping_status":"closed","template":"page-no-separators","meta":{"footnotes":""},"class_list":["post-21","page","type-page","status-publish","hentry"],"_links":{"self":[{"href":"https:\/\/steffiseitz-produkt.de\/sign\/wp-json\/wp\/v2\/pages\/21","targetHints":{"allow":["GET"]}}],"collection":[{"href":"https:\/\/steffiseitz-produkt.de\/sign\/wp-json\/wp\/v2\/pages"}],"about":[{"href":"https:\/\/steffiseitz-produkt.de\/sign\/wp-json\/wp\/v2\/types\/page"}],"author":[{"embeddable":true,"href":"https:\/\/steffiseitz-produkt.de\/sign\/wp-json\/wp\/v2\/users\/1"}],"replies":[{"embeddable":true,"href":"https:\/\/steffiseitz-produkt.de\/sign\/wp-json\/wp\/v2\/comments?post=21"}],"version-history":[{"count":13,"href":"https:\/\/steffiseitz-produkt.de\/sign\/wp-json\/wp\/v2\/pages\/21\/revisions"}],"predecessor-version":[{"id":315,"href":"https:\/\/steffiseitz-produkt.de\/sign\/wp-json\/wp\/v2\/pages\/21\/revisions\/315"}],"wp:attachment":[{"href":"https:\/\/steffiseitz-produkt.de\/sign\/wp-json\/wp\/v2\/media?parent=21"}],"curies":[{"name":"wp","href":"https:\/\/api.w.org\/{rel}","templated":true}]}}